me factors of s.
2, 89
Let i be 30/120 - 38/(-8). Suppose -2*m - 3*q = -94, -i*m - 8*q + 221 = -4*q. List the prime factors of m.
41
Let z = -107 + 168. Let k be 2*((4 - 7) + z). Let u = k + -60. List the prime factors of u.
2, 7
Let g(m) = -11*m + 14. Let b be g(3). Let z = b - -99. Suppose -2*t + 4*t - z = 0. What are the prime factors of t?
2, 5
Suppose 3*a + 2136 = -3*v, v + 710 = -2*a + 3*a. Let h = 1046 + v. Suppose 3*s + 32 = h. What are the prime factors of s?
101
Let v be (3 - 1) + (4 - 0). Suppose 5*k + 24 = v*k. Suppose 5*o + 4*h - 8 = 22, 3*h = 4*o - k. What are the prime factors of o?
2, 3
Suppose -145621 = -3*d - c, -3*d - 5*c + 41614 = -103975. List the prime factors of d.
3, 11, 1471
Let m(u) = u**2 + u + 1. Let v(g) be the third derivative of -g**5/12 - g**4/8 + 2*g**3/3 - g**2. Let r(b) = -3*m(b) - v(b). List the prime factors of r(4).
5
Let x(j) = 456*j**2 - 5*j - 73. List the prime factors of x(-4).
7243
Suppose -10*s = -2*s - 2984. Let j = s + -232. Suppose 3*f + 3 = j. List the prime factors of f.
2, 23
Let x(w) = w**3 - 2*w - 3. Let d = 191 - 184. List the prime factors of x(d).
2, 163
Let q(c) be the second derivative of -c**5/20 + 2*c**4/3 + 5*c**3/6 - 3*c**2 + 10*c. Let n be q(8). Suppose n + 26 = 6*w. What are the prime factors of w?
2, 5
Let l(q) = -2*q**3 + 7*q**2 - 7. Let z be l(3). Suppose 3*x - z*m - 452 = 0, 8*x - 5*m + 618 = 12*x. List the prime factors of x.
2, 19
What are the prime factors of -6 - (66704/33)/((-52)/24 + 2)?
2, 11, 19, 29
Suppose -14*n - 38748 = -17*n - 2*x, 25918 = 2*n - 13*x. List the prime factors of n.
2, 5, 17, 19
Let p(g) = g**3 - 5*g**2 + 4*g - 1. Let h be p(3). Let f = h - -11. Suppose 125 = 2*y - 5*q, y = f*q - q + 64. What are the prime factors of y?
5, 11
Let y be (-8)/32 - (-9)/24*38. Suppose -3*j + 15 = -0*j, 3*p = -j + y. Suppose p*l + 123 = 498. What are the prime factors of l?
5
What are the prime factors of (6 + (-381)/2)*4144/(-24)?
3, 7, 37, 41
Suppose -40*z = -51*z + 55. Suppose l - 640 = -z*k + 213, 4*k = 5*l - 4178. List the prime factors of l.
2, 419
Let j(h) = 2*h**2 + 12*h + 52. Let m = -689 + 670. What are the prime factors of j(m)?
2, 3, 7, 13
Let w(u) = -5177*u + 568. List the prime factors of w(-5).
7, 3779
Let y be -1*4/10 + 10/25. Suppose t - 403 = -0*t + u, -3*u - 3 = y. List the prime factors of t.
2, 3, 67
Suppose 27*y - 227 + 38 = 0. Suppose -30 = -y*n + 1174. What are the prime factors of n?
2, 43
Suppose 0 = -2*d + 3987 + 3987. List the prime factors of (-12)/(-9)*-2*d/(-12).
2, 443
Let m(j) = 665*j - 66 - 327*j - 275*j. Let a = 5 - 0. List the prime factors of m(a).
3, 83
Suppose 12*g - h = 11*g + 11750, 3*g - 35247 = 4*h. List the prime factors of g.
7, 23, 73
Suppose -1 = 2*s - 3*s - 2*m, 0 = 3*s - 5*m - 47. Suppose -s*r + 14814 = 9*r. What are the prime factors of r?
823
Let a be ((-72)/54)/((-3)/(9/2)). Suppose 3*y + 8 = 5*q, -a*q + 5*q - 20 = -2*y. Suppose p - 2 = y. List the prime factors of p.
2, 3
Suppose 129282 = 148*h - 119*h. What are the prime factors of h?
2, 3, 743
What are the prime factors of ((-21)/((-378)/276) + -21)/(1/(-2487))?
17, 829
Let u(m) = -m**2 + m + 140. Let z(r) = r + 5. Let d be z(-5). Suppose -a - 4 = 2*x, d*x - 2 = x. List the prime factors of u(a).
2, 5, 7
Let k = -12829 - -18386. What are the prime factors of k?
5557
Let i(c) = -2*c - 31. Let b be i(4). List the prime factors of 195/b - -1*119.
2, 3, 19
Let n(i) = -2*i**2 + 10*i - 12. Let f be n(5). What are the prime factors of f/138 - (-1 + 24566/(-23))?
1069
Suppose 506 + 1324 = 10*v. List the prime factors of (212/20 + -7)*(v - 3).
2, 3
Let n(h) = -1933*h + 2715. List the prime factors of n(-7).
2, 8123
Let v be 11/20*5 - 6/8. Let n(c) = c**2 - 4*c + 5. Let z be n(4). Suppose 4*d + z*t - 214 = 85, -3*d = -v*t - 253. List the prime factors of d.
3
List the prime factors of ((-2)/(-4))/(321/2007534).
53, 59
Let r(h) be the first derivative of -55*h**2 - 4*h + 8. Let l be r(-1). Let b = l + -51. What are the prime factors of b?
5, 11
Let q(b) = b**3 - 9*b**2 + 4*b - 3. Suppose -2*p - 5 + 27 = 0. Let z be q(p). Suppose 77 = 2*j + 3*y - z, -2*y = -4. List the prime factors of j.
3, 59
List the prime factors of (-5)/(-140)*12 + 514272/42.
5, 31, 79
Suppose -40755 = -3*t - 2*c, 3*t = -4*c + 53216 - 12455. What are the prime factors of t?
17, 47
Let k(y) = -2*y - y + 4*y**2 + 59 - 49 + 8*y. What are the prime factors of k(15)?
5, 197
Let a(x) = x**2 - 6*x - 18. Let u be a(-3). Suppose u*d - 503 - 343 = 0. List the prime factors of d.
2, 47
Suppose 85*l + 123*l + 94204 = 1432060. List the prime factors of l.
2, 3, 67
Let o(x) = x**3 - 6*x**2 - 47. Let q be o(7). Suppose -q*j = 5*l - 1013, 483 = 4*j - l - 1576. List the prime factors of j.
2, 257
Suppose 0 = 7*l - 21099 - 91552. List the prime factors of l.
7, 11, 19
Suppose -7743645 = 98*z - 281*z. What are the prime factors of z?
3, 5, 7, 13, 31
Let q = -29609 + 49523. List the prime factors of q.
2, 3, 3319
Suppose -3*f + 4*f = 2*z + 4, 0 = z + 2*f - 8. Suppose -k + 624 + 202 = -m, 5*k + 5*m - 4170 = z. List the prime factors of k.
2, 5, 83
Let p be (3/30)/1 + 25389/210. Let h = 423 - p. What are the prime factors of h?
2, 151
Suppose 3*m - 34245 = 54*d - 57*d, -3*d - 4*m = -34249. List the prime factors of d.
11411
List the prime factors of ((-6)/16)/3 + (-134085)/(-168).
2, 3, 7, 19
Suppose -38829 = 67*p + 46529. Let s = p - -1999. What are the prime factors of s?
5, 29
List the prime factors of (-113492)/(-374) + 18/33.
2, 19
Let c = 66714 + -21945. What are the prime factors of c?
3, 14923
Let f = 40 + -36. Suppose 24*d = 23*d - f. What are the prime factors of (-2)/(d + (-36)/(-10))?
5
Let x = -1373 + 814. Let a = x - -1172. List the prime factors of a.
613
Suppose -q + 2 = 0, 3*o = -216*q + 219*q + 118128. List the prime factors of o.
2, 3, 6563
Let s(m) = 36*m**2 - 55*m - 439. What are the prime factors of s(-11)?
2, 7, 17, 19
Let v be (-3 + 0)/((-2)/210). Suppose l + v = -c, -1576 = 10*c - 5*c + 4*l. Let u = c + 547. List the prime factors of u.
3, 7, 11
Let g(b) = 7*b + b**2 + 0*b**2 + 12 - 5*b + 5*b. Let z be g(-5). Suppose -5*p + 344 = -z*j, -4*p - j = -150 - 133. What are the prime factors of p?
2, 5, 7
Let a(q) be the third derivative of q**5/15 + 5*q**4/6 - 23*q**3/6 + 17*q**2 - q. What are the prime factors of a(-12)?
313
Suppose -17*z + 10 = -12*z. Suppose 0 = 2*h + z*s - 12, 21 = -4*h + 8*h + 3*s. Suppose -a + 153 = 4*x, -a - 73 = -h*x + 47. List the prime factors of x.
3, 13
Suppose 0 = -5*j + 4*u + 11796, -4721 = 6*j - 8*j - u. Suppose j + 1090 = 6*b. List the prime factors of b.
5, 23
Let o(y) = y**3 + 46*y**2 - 144*y - 115. List the prime factors of o(-35).
2, 5, 23
Let g(f) = 24*f**3 + 2*f**2 + 3*f - 7. Let j(t) = t**3 - t**2 - 19*t - 2. Let a be j(5). What are the prime factors of g(a)?
2, 167
List the prime factors of 3946568/995*(-3 - -13).
2, 37, 67
Let p(s) = 18 + 6 + 2*s**2 - 3 - 3*s - 6*s. Let d be 44/6 + 16/24. What are the prime factors of p(d)?
7, 11
What are the prime factors of (-415569916)/(-11580) + (4/60)/(1/2)?
17, 2111
Let x(o) be the second derivative of 23/12*o**4 + 0 - 22*o - 2*o**2 + 1/6*o**3. List the prime factors of x(2).
2, 3, 5
Suppose -8*z + 63818 = 7*z + 2*z. List the prime factors of z.
2, 1877
Let o = -7090 - -18043. What are the prime factors of o?
3, 1217
Let z(n) = n**2 - 12*n - 22. Let r be z(17). List the prime factors of (1260/245)/(2/r).
2, 3
Let q(l) = 15*l**3 - l**2 - 2*l. Let r be q(-1). Let f(z) = -18*z - 97. List the prime factors of f(r).
5, 31
Suppose -3*j - 3*j + 30 = 0. Let n(l) = l + 8. Let c be n(-4). Suppose 0 = -c*d + j*v + 172, 3*d + 4*v = 54 + 75. What are the prime factors of d?
43
Suppose -924 = -3*w + 12087. Suppose w = 4*k - 5*t, 3*k - 2796 - 423 = -3*t. List the prime factors of k.
2, 7, 11
List the prime factors of 58897/2 - (-580)/232.
3, 9817
Let t(u) = u**3 + 28*u**2 + 32*u + 512. What are the prime factors of t(-21)?
2927
Let o be (-15)/(-40) + 69909/(-56). List the prime factors of (-4)/(-8)*0 - (o + 3).
3, 5, 83
Suppose 0 = 4*w - 4*j + 36, -2*j + 42 = -8*w + 4*w. List the prime factors of (-6 + 3)*1304/w.
2, 163
Let f(w) = 124*w**2 - 21*w - 72. List the prime factors of f(-4).
2, 499
Suppose 3*k - 17 = -2*f, -6*k + 2*k = 2*f - 20. Sup